 -0*j + 74, 0 = -p + 4*j - 13. What is the remainder when 38 is divided by z/14 - 9/p?
12
Let a(x) = x**3 + 10*x**2 + 6*x - 9. Let g be (-1 - 2)/((-4)/(-12)). What is the remainder when a(g) is divided by 10?
8
Calculate the remainder when (-4722)/(-36) - 2/12 - 2 is divided by 22.
19
Let v = 28 + 27. Calculate the remainder when v is divided by 28.
27
Let t = -34 - -51. Suppose 215 = 4*m - 3*v, 0*m - 4*m = -v - 205. Calculate the remainder when m is divided by t.
16
Suppose -g - 3*m = 9, -4*g - g - 4*m = 1. Suppose 5 = g*x - 1. Suppose -y = -4 + 2. Calculate the remainder when x is divided by y.
0
Let n be (-12)/30 - (-8)/(-5). What is the remainder when 62 is divided by n/(-5) - (-309)/15?
20
Let k(u) = -21*u - 4. Calculate the remainder when k(-2) is divided by 13.
12
Let l(d) = -d**3 - 9*d**2 - 2*d - 12. Let q(h) = -51*h. Let i(s) = s. Let x(g) = 34*i(g) + q(g). Calculate the remainder when x(-1) is divided by l(-9).
5
Let t = -6609 - -4504. Calculate the remainder when 4/18 - t/45 is divided by 16.
15
Let l be (-10)/(-8) + 6/(-24). What is the remainder when 7 is divided by (5 - l - 0)/2?
1
Let w(x) = 4*x**2 + 2*x - 4. Calculate the remainder when w(-3) is divided by 9.
8
Suppose 4*g - 4*f = 5*g - 11, 0 = -5*g + 4*f + 31. Calculate the remainder when 43 is divided by 4/(-14) + 107/g.
13
Let n = 5 - 0. Let u = -8 - -8. Let r = u + 3. Calculate the remainder when n is divided by r.
2
Suppose 9*o - 4*o = -4*z + 60, 5*z + 89 = 4*o. What is the remainder when o is divided by 10?
6
Suppose -129 - 66 = -3*d. Calculate the remainder when d is divided by 17.
14
Let i(q) = q**3 + 6*q**2 + 5*q - 2. Let u(c) = 2*c**2 - 2*c - 1. Let b be u(5). Calculate the remainder when i(-4) is divided by b/9 - 1/3.
2
Suppose 0*z - 4*z + 36 = 0. Suppose -3*v - c = -45, 4*v + 3*c - 60 = c. What is the remainder when v is divided by z?
6
Let t(k) = 12*k**3 - k**2. Let f = 26 + -38. Let n = -8 - f. What is the remainder when t(1) is divided by n?
3
Let t(q) = 4*q - 46. Suppose 6*l - l = 5. What is the remainder when t(14) is divided by 1 + l - (-3 + -1)?
4
Suppose 67 = m + 55. What is the remainder when m is divided by 8?
4
Let s(a) = -13*a + 4. Let d = -28 - -77. What is the remainder when d is divided by s(-1)?
15
Let t = -17 + 27. Let g(a) = -4*a - 1. Calculate the remainder when t is divided by g(-1).
1
Suppose 2*i + 4*k = -2*i + 20, 4*k = 3*i + 6. Let l(j) = -2*j**i + 7*j + 2*j**3 - 8*j - 16*j**3. What is the remainder when 24 is divided by l(-1)?
11
Let m = -9 - -19. Let f = -6 + m. Calculate the remainder when 7 is divided by f.
3
Suppose 4*c = 2*t - 4*t + 38, 2*c - 23 = 3*t. What is the remainder when c is divided by 7?
3
Let s(w) = 5*w + 10. What is the remainder when 87 is divided by s(0)?
7
Let n(c) = c**2 + c + 27. What is the remainder when n(-5) is divided by 7?
5
Suppose -5*s + 5 = 3*n - 8, 0 = 4*s + n - 9. Let l be (-3)/(-6)*(s + -2). Suppose 0 = 3*q - l*q - 27. Calculate the remainder when 24 is divided by q.
6
Let z be 20/(-8)*(-3 - -1). Suppose -2*n - 10 = -2, z*n - 105 = -5*b. What is the remainder when b is divided by 9?
7
Suppose -8 = -o - 2*u, -o + 2*u - 12 = -u. What is the remainder when (-1)/(3/12*-1) is divided by (2 - o) + (1 - 1)?
0
Let o(a) = a**2 + 2*a + 5. Let g(j) = j**3 - 5*j**2 - 4*j - 7. Let c be g(6). Suppose 0 = t + 2 + c. Calculate the remainder when o(t) is divided by 14.
12
Suppose 0 = 3*l - 31 + 16. Calculate the remainder when 52 is divided by l.
2
Suppose -3*l = -40 + 4. What is the remainder when 34 is divided by l?
10
Let k(f) = -f**3 - 3*f**2 + f - 4. Let r = -13 + 36. Suppose 0 = -4*y - 5*l + r + 40, 5*l + 47 = y. Calculate the remainder when y is divided by k(-4).
6
Let q = 2 + 0. Let k(o) = o**2 - 2*o + 2. Let z be k(q). Let t = z - -9. What is the remainder when 21 is divided by t?
10
Let f(x) = 5*x**2 - 5*x + 1. Suppose 0 = -2*i - y + 211, -5*y = -5*i - 3*y + 523. Suppose -m + i = 4*m. What is the remainder when f(4) is divided by m?
19
Suppose -5*q + 58 = -17. Calculate the remainder when 28 is divided by q.
13
Let i = -6 + 8. Suppose 27 - 6 = 3*k. Calculate the remainder when k is divided by i.
1
Suppose 14 = -3*x - 1. Let v(d) = d**2 - 3*d + 1. Let b(t) = t**2 - 2*t + 6. Calculate the remainder when v(x) is divided by b(4).
13
Let q be -3 - (3 + (-102)/(-2)). Let i = q - -96. Calculate the remainder when i is divided by 10.
9
What is the remainder when (-470)/(-8) + (-12)/16 is divided by 15?
13
Let o be 61/4 - 2/8. Let v = o + -6. What is the remainder when 24 is divided by v?
6
Suppose 8*h - 475 = 3*h. Let k = h - 55. Suppose -2*w + 4*x + 50 = w, -w + 12 = x. Calculate the remainder when k is divided by w.
12
Suppose 0 = 2*n - 3*n + 11. Suppose 2*m - 4*p + 6 = 2, -3*m + 3*p = 0. Suppose 2*d = -m*d + 124. Calculate the remainder when d is divided by n.
9
Calculate the remainder when ((-12)/4 + 6)*41 is divided by 31.
30
Let h(c) = c + 6. What is the remainder when h(3) is divided by 6?
3
Calculate the remainder when (-4)/5 - (9 + 2370/(-25)) is divided by 22.
19
Suppose 4*f + 3*c - 14 = 5*c, 3*f + 3*c = 33. Calculate the remainder when 17 is divided by f.
5
Let f = 69 + -37. What is the remainder when 126 is divided by f?
30
Let k(p) = -3*p + 1. Let t be k(-1). Suppose -4*f + 80 = t*u - 2*u, 73 = 2*u - 3*f. What is the remainder when u is divided by 13?
12
Let q(u) = -u**3 - 4*u**2 + 6*u + 5. Let b be q(-5). Suppose 0 = 5*y - 3*y - 40. Calculate the remainder when 37 + (6/3 - b) is divided by y.
19
Let a = -4 + 10. Let d(f) = f**2 - 4*f - 7. Calculate the remainder when 13 is divided by d(a).
3
Let u(n) = n**2 - n - 1. Let k(w) = w**3 - 7*w**2 - 8*w + 9. Let p = -6 + 14. What is the remainder when k(p) is divided by u(-2)?
4
Let q = -2 + 9. Let l = -2 + q. What is the remainder when l is divided by 3?
2
Let v = 3 + 6. Calculate the remainder when v is divided by 7.
2
Let s = 11 - -30. What is the remainder when s is divided by 11?
8
Let b = 0 + 0. Suppose 2*q + b*u = -2*u + 28, -2*q + 4*u + 34 = 0. Calculate the remainder when 28 is divided by q.
13
Suppose a - 5*u + 4 = 0, -5*u = -3*a - 0*a + 18. What is the remainder when (1 + (1 - 1))*42 is divided by a?
9
Suppose 7*y = y + 126. What is the remainder when y is divided by 12?
9
Let v be 3/15 - (-104)/5. Let n = 58 - v. Calculate the remainder when n is divided by -13*(-1*1 - 0).
11
Suppose v - 6*k = -2*k + 52, 0 = -3*k - 15. Calculate the remainder when v is divided by (-101)/(-6) + (-7)/(-42) + 0.
15
Suppose -4*k + 106 = 5*j - 0*j, j - 2 = 0. Calculate the remainder when 191 is divided by k.
23
Let q(h) = 11*h**3 - h. Suppose 0 = 5*c + 5*g - 1 - 29, -2*g + 11 = c. Calculate the remainder when 19 is divided by q(c).
9
What is the remainder when ((-57)/9)/(1/(-3)) is divided by 7?
5
Let s be ((-8)/(-3))/((-2)/24). Let a = -19 - s. Suppose -2*g + 14 = -0*g. Calculate the remainder when a is divided by g.
6
What is the remainder when 1 is divided by (-12)/28 - 50/(-35)?
0
Let b(o) = -o**2 + 13*o - 31. Let g = 12 + -8. What is the remainder when b(4) is divided by g?
1
Suppose 0 = -7*v + 2*v + 30. What is the remainder when ((-22)/(-6))/((-13)/(-78)) is divided by v?
4
Let y = 4 + -5. What is the remainder when y/1 + 65/5 is divided by 1*(2 - (-2 + -3))?
5
Let g = -8 - -3. Let a = g - -13. Calculate the remainder when 13 is divided by a.
5
Let v(p) = -3*p**3 - 4*p**2 + 3*p + 7. Calculate the remainder when v(-3) is divided by 11.
10
Suppose 0 = -d + 4*d - 105. Suppose -4*w - 3*a + 9 = 0, w = -3*a + 2 - 11. Calculate the remainder when d is divided by (-74)/(-6) - 2/w.
11
Suppose 2*y - 137 = 3*t + 2*t, -3*y = 5*t - 268. Suppose 51 = -j - 6. Let k = y + j. Calculate the remainder when k is divided by 13.
11
Suppose -24*w + 72 = -20*w. Calculate the remainder when 30 is divided by w.
12
Let o(i) be the third derivative of i**5/60 + i**4/4 - 3*i**3/2 - 7*i**2. Calculate the remainder when 10 is divided by o(-8).
3
Calculate the remainder when 321 is divided by 3/(-2)*(-190)/15.
17
Suppose 11 = j + 5*b, 2*j = 9*b - 10*b + 31. Let t(g) = g**2 - 3*g - 3. Let i be t(4). Let h = 5 + i. Calculate the remainder when j is divided by h.
4
Let a = 5 - 2. Let b = -2 - -5. Suppose b*p = d - 42, 0 = -a*d + p - 4*p + 90. Calculate the remainder when d is divided by 17.
16
Let q